{"id":3269,"date":"2023-02-03T22:26:00","date_gmt":"2023-02-03T21:26:00","guid":{"rendered":"https:\/\/perfectestetica.al\/?post_type=product&#038;p=3269"},"modified":"2023-02-03T22:26:00","modified_gmt":"2023-02-03T21:26:00","slug":"brightening-cream","status":"publish","type":"product","link":"https:\/\/perfectestetica.al\/en\/product\/brightening-cream\/","title":{"rendered":"Brightening Cream"},"content":{"rendered":"","protected":false},"excerpt":{"rendered":"<p>Krem q\u00eb ofron zbardhim dhe shk\u00eblqim p\u00ebr l\u00ebkur\u00ebn me pigmentim dhe njolla.<\/p>\n<p>Veprimi: Hidraton l\u00ebkur\u00ebn, p\u00ebrmir\u00ebson pamjen e saj dhe ofron nj\u00eb ton uniform. Kremi p\u00ebrmban ekstrakte t\u00eb Asyntra ( Hexylresorcinol dhe EthylLinoleate) A-Arbutin, Vitamin C dhe Rumex, nj\u00eb kokteij i fuqish\u00ebm p\u00ebrb\u00ebr\u00ebsish, q\u00eb balancon prodhimin e melanin\u00ebs dhe ndihmon l\u00ebkur\u00ebn t\u00eb marr\u00eb nj\u00eb ngjyr\u00eb uniforme. Ai jo vet\u00ebm q\u00eb parandalon krijimin e pikave dhe njollave t\u00eb reja, por gjithashtu kuron ato ekzistuese. P\u00ebrmban filt\u00ebr mbrojt\u00ebs SPF10, q\u00eb mbron l\u00ebkur\u00ebn nga rrezatimi UV.<\/p>\n<p>P\u00ebrdorimi: Apliko nj\u00eb sasi t\u00eb vog\u00ebl n\u00eb zon\u00ebn e d\u00ebshiruar dhe masazhoje but\u00ebsisht derisa ajo t\u00eb absorbohet. Mund t\u00eb p\u00ebrdoret gjith\u00eb dit\u00ebn dhe n\u00eb m\u00ebnyr\u00eb prevenuese.<\/p>\n<p>Ingredient\u00ebt kryesor\u00eb: Asyntra, Rumex Extract, Ascorbic Acid ( Tyrostat), A-Arbutin , A-Bisabolol, Vitamin E, Shea Butter, Uv Filters.<\/p>\n<table class=\"woocommerce-product-attributes shop_attributes\">\n<tbody>\n<tr class=\"woocommerce-product-attributes-item woocommerce-product-attributes-item--attribute_pa_size\">\n<th class=\"woocommerce-product-attributes-item__label\">Paketimi<\/th>\n<td class=\"woocommerce-product-attributes-item__value\">50mL<\/td>\n<\/tr>\n<tr class=\"woocommerce-product-attributes-item woocommerce-product-attributes-item--attribute_pa_llojet-e-lekures\">\n<th class=\"woocommerce-product-attributes-item__label\">Llojet e l\u00ebkur\u00ebs<\/th>\n<td class=\"woocommerce-product-attributes-item__value\">me probleme pigmentimi<\/td>\n<\/tr>\n<\/tbody>\n<\/table>","protected":false},"featured_media":3270,"comment_status":"open","ping_status":"closed","template":"","meta":[],"product_brand":[],"product_cat":[56],"product_tag":[],"class_list":{"0":"post-3269","1":"product","2":"type-product","3":"status-publish","4":"has-post-thumbnail","6":"product_cat-glow","8":"first","9":"instock","10":"shipping-taxable","11":"purchasable","12":"product-type-simple"},"_links":{"self":[{"href":"https:\/\/perfectestetica.al\/en\/wp-json\/wp\/v2\/product\/3269","targetHints":{"allow":["GET"]}}],"collection":[{"href":"https:\/\/perfectestetica.al\/en\/wp-json\/wp\/v2\/product"}],"about":[{"href":"https:\/\/perfectestetica.al\/en\/wp-json\/wp\/v2\/types\/product"}],"replies":[{"embeddable":true,"href":"https:\/\/perfectestetica.al\/en\/wp-json\/wp\/v2\/comments?post=3269"}],"version-history":[{"count":1,"href":"https:\/\/perfectestetica.al\/en\/wp-json\/wp\/v2\/product\/3269\/revisions"}],"predecessor-version":[{"id":3271,"href":"https:\/\/perfectestetica.al\/en\/wp-json\/wp\/v2\/product\/3269\/revisions\/3271"}],"wp:featuredmedia":[{"embeddable":true,"href":"https:\/\/perfectestetica.al\/en\/wp-json\/wp\/v2\/media\/3270"}],"wp:attachment":[{"href":"https:\/\/perfectestetica.al\/en\/wp-json\/wp\/v2\/media?parent=3269"}],"wp:term":[{"taxonomy":"product_brand","embeddable":true,"href":"https:\/\/perfectestetica.al\/en\/wp-json\/wp\/v2\/product_brand?post=3269"},{"taxonomy":"product_cat","embeddable":true,"href":"https:\/\/perfectestetica.al\/en\/wp-json\/wp\/v2\/product_cat?post=3269"},{"taxonomy":"product_tag","embeddable":true,"href":"https:\/\/perfectestetica.al\/en\/wp-json\/wp\/v2\/product_tag?post=3269"}],"curies":[{"name":"wp","href":"https:\/\/api.w.org\/{rel}","templated":true}]}}

<p>Krem që ofron zbardhim dhe shkëlqim për lëkurën me pigmentim dhe njolla.</p>
<p>Veprimi: Hidraton lëkurën, përmirëson pamjen e saj dhe ofron një ton uniform. Kremi përmban ekstrakte të Asyntra ( Hexylresorcinol dhe EthylLinoleate) A-Arbutin, Vitamin C dhe Rumex, një kokteij i fuqishëm përbërësish, që balancon prodhimin e melaninës dhe ndihmon lëkurën të marrë një ngjyrë uniforme. Ai jo vetëm që parandalon krijimin e pikave dhe njollave të reja, por gjithashtu kuron ato ekzistuese. Përmban filtër mbrojtës SPF10, që mbron lëkurën nga rrezatimi UV.</p>
<p>Përdorimi: Apliko një sasi të vogël në zonën e dëshiruar dhe masazhoje butësisht derisa ajo të absorbohet. Mund të përdoret gjithë ditën dhe në mënyrë prevenuese.</p>
<p>Ingredientët kryesorë: Asyntra, Rumex Extract, Ascorbic Acid ( Tyrostat), A-Arbutin , A-Bisabolol, Vitamin E, Shea Butter, Uv Filters.</p>
<table class="woocommerce-product-attributes shop_attributes">
<tbody>
<tr class="woocommerce-product-attributes-item woocommerce-product-attributes-item--attribute_pa_size">
<th class="woocommerce-product-attributes-item__label">Paketimi</th>
<td class="woocommerce-product-attributes-item__value">50mL</td>
</tr>
<tr class="woocommerce-product-attributes-item woocommerce-product-attributes-item--attribute_pa_llojet-e-lekures">
<th class="woocommerce-product-attributes-item__label">Llojet e lëkurës</th>
<td class="woocommerce-product-attributes-item__value">me probleme pigmentimi</td>
</tr>
</tbody>
</table>
