{"id":3237,"date":"2023-02-03T22:19:47","date_gmt":"2023-02-03T21:19:47","guid":{"rendered":"https:\/\/perfectestetica.al\/?post_type=product&#038;p=3237"},"modified":"2023-02-03T22:19:47","modified_gmt":"2023-02-03T21:19:47","slug":"vitamin-b-complex-serum","status":"publish","type":"product","link":"https:\/\/perfectestetica.al\/en\/product\/vitamin-b-complex-serum\/","title":{"rendered":"Vitamin B Complex Serum"},"content":{"rendered":"","protected":false},"excerpt":{"rendered":"<p>Serum qet\u00ebsues me kompleksin e vitamin\u00ebs B, p\u00ebr l\u00ebkur\u00eb t\u00eb irrituar dhe sensitive.<\/p>\n<p>Veprimi: Nj\u00eb serum koktej i kompleksit t\u00eb vitamin\u00ebs B me veprim t\u00eb fort\u00eb anti-inflamator dhe anti-irritim. B3 ndihmon n\u00eb riparimin e pap\u00ebrsosm\u00ebrive t\u00eb l\u00ebkur\u00ebs (rrudha, akne dhe rosacea) dhe ofron homogjenitet dhe shk\u00eblqim. B6 ka veti rigjeneruese dhe anti-inflamatore dhe kontribuon n\u00eb trajtimin e dermatitit seborrhoeic. Kompleksi Multi B (B1, B2, B3, B5, B6, B12) ndihmon fiziologjin\u00eb e p\u00ebrgjithshme t\u00eb l\u00ebkur\u00ebs. \u00cbsht\u00eb zgjeruar me Redyless dhe Panthenol dhe redukton skuqjen dhe pikat e kuqe.<\/p>\n<p>P\u00ebrdorimi: Apliko disa pika n\u00eb l\u00ebkur\u00eb t\u00eb past\u00ebr dhe masazhoje derisa t\u00eb absorbohet.<\/p>\n<p>Ingredient\u00ebt kryesor\u00eb: Vitamin B6 (Pyridoxine)0. 5% , Vitamin B3 (Niacinamide) 1% ,Multi B Complex (B1-B2-B3-B5-B12) 2%,Panthenol 3.75%, Redyless 2%.<\/p>\n<table class=\"woocommerce-product-attributes shop_attributes\">\n<tbody>\n<tr class=\"woocommerce-product-attributes-item woocommerce-product-attributes-item--attribute_pa_size\">\n<th class=\"woocommerce-product-attributes-item__label\">Paketimi<\/th>\n<td class=\"woocommerce-product-attributes-item__value\">20mL<\/td>\n<\/tr>\n<tr class=\"woocommerce-product-attributes-item woocommerce-product-attributes-item--attribute_pa_llojet-e-lekures\">\n<th class=\"woocommerce-product-attributes-item__label\">Llojet e l\u00ebkur\u00ebs<\/th>\n<td class=\"woocommerce-product-attributes-item__value\">sensitive<\/td>\n<\/tr>\n<\/tbody>\n<\/table>\n<p>&nbsp;<\/p>","protected":false},"featured_media":3238,"comment_status":"open","ping_status":"closed","template":"","meta":[],"product_brand":[],"product_cat":[54],"product_tag":[],"class_list":{"0":"post-3237","1":"product","2":"type-product","3":"status-publish","4":"has-post-thumbnail","6":"product_cat-serumet","8":"first","9":"instock","10":"shipping-taxable","11":"purchasable","12":"product-type-simple"},"_links":{"self":[{"href":"https:\/\/perfectestetica.al\/en\/wp-json\/wp\/v2\/product\/3237","targetHints":{"allow":["GET"]}}],"collection":[{"href":"https:\/\/perfectestetica.al\/en\/wp-json\/wp\/v2\/product"}],"about":[{"href":"https:\/\/perfectestetica.al\/en\/wp-json\/wp\/v2\/types\/product"}],"replies":[{"embeddable":true,"href":"https:\/\/perfectestetica.al\/en\/wp-json\/wp\/v2\/comments?post=3237"}],"version-history":[{"count":1,"href":"https:\/\/perfectestetica.al\/en\/wp-json\/wp\/v2\/product\/3237\/revisions"}],"predecessor-version":[{"id":3253,"href":"https:\/\/perfectestetica.al\/en\/wp-json\/wp\/v2\/product\/3237\/revisions\/3253"}],"wp:featuredmedia":[{"embeddable":true,"href":"https:\/\/perfectestetica.al\/en\/wp-json\/wp\/v2\/media\/3238"}],"wp:attachment":[{"href":"https:\/\/perfectestetica.al\/en\/wp-json\/wp\/v2\/media?parent=3237"}],"wp:term":[{"taxonomy":"product_brand","embeddable":true,"href":"https:\/\/perfectestetica.al\/en\/wp-json\/wp\/v2\/product_brand?post=3237"},{"taxonomy":"product_cat","embeddable":true,"href":"https:\/\/perfectestetica.al\/en\/wp-json\/wp\/v2\/product_cat?post=3237"},{"taxonomy":"product_tag","embeddable":true,"href":"https:\/\/perfectestetica.al\/en\/wp-json\/wp\/v2\/product_tag?post=3237"}],"curies":[{"name":"wp","href":"https:\/\/api.w.org\/{rel}","templated":true}]}}

<p>Serum qetësues me kompleksin e vitaminës B, për lëkurë të irrituar dhe sensitive.</p>
<p>Veprimi: Një serum koktej i kompleksit të vitaminës B me veprim të fortë anti-inflamator dhe anti-irritim. B3 ndihmon në riparimin e papërsosmërive të lëkurës (rrudha, akne dhe rosacea) dhe ofron homogjenitet dhe shkëlqim. B6 ka veti rigjeneruese dhe anti-inflamatore dhe kontribuon në trajtimin e dermatitit seborrhoeic. Kompleksi Multi B (B1, B2, B3, B5, B6, B12) ndihmon fiziologjinë e përgjithshme të lëkurës. Është zgjeruar me Redyless dhe Panthenol dhe redukton skuqjen dhe pikat e kuqe.</p>
<p>Përdorimi: Apliko disa pika në lëkurë të pastër dhe masazhoje derisa të absorbohet.</p>
<p>Ingredientët kryesorë: Vitamin B6 (Pyridoxine)0. 5% , Vitamin B3 (Niacinamide) 1% ,Multi B Complex (B1-B2-B3-B5-B12) 2%,Panthenol 3.75%, Redyless 2%.</p>
<table class="woocommerce-product-attributes shop_attributes">
<tbody>
<tr class="woocommerce-product-attributes-item woocommerce-product-attributes-item--attribute_pa_size">
<th class="woocommerce-product-attributes-item__label">Paketimi</th>
<td class="woocommerce-product-attributes-item__value">20mL</td>
</tr>
<tr class="woocommerce-product-attributes-item woocommerce-product-attributes-item--attribute_pa_llojet-e-lekures">
<th class="woocommerce-product-attributes-item__label">Llojet e lëkurës</th>
<td class="woocommerce-product-attributes-item__value">sensitive</td>
</tr>
</tbody>
</table>
<p>&nbsp;</p>
