{"id":3219,"date":"2023-02-03T14:33:13","date_gmt":"2023-02-03T13:33:13","guid":{"rendered":"https:\/\/perfectestetica.al\/?post_type=product&#038;p=3219"},"modified":"2023-02-03T14:33:13","modified_gmt":"2023-02-03T13:33:13","slug":"aloe-vera-serum","status":"publish","type":"product","link":"https:\/\/perfectestetica.al\/en\/product\/aloe-vera-serum\/","title":{"rendered":"Aloe Vera Serum"},"content":{"rendered":"","protected":false},"excerpt":{"rendered":"<p>Serum qet\u00ebsues, hidratues p\u00ebr t\u00eb gjitha llojet e l\u00ebkur\u00ebs.<\/p>\n<p>Veprimi: Ai hidraton dhe leht\u00ebson irritimin e l\u00ebkur\u00ebs dhe inflamacionet. Nj\u00eb serum me ekstrakt shum\u00eb t\u00eb p\u00ebrqendruar t\u00eb Aloe Vera me veprim qet\u00ebsues dhe hidratues. Aloe \u00ebsht\u00eb nj\u00eb koktej i shk\u00eblqyer natyror q\u00eb p\u00ebrmban vitamina C dhe E, enzima, aminoacide dhe mbi 200 substanca t\u00eb tjera t\u00eb dobishme. Ndihmon gjithashtu n\u00eb rikonstruktimin qelizor dhe sh\u00ebrimin e d\u00ebmtimeve t\u00eb l\u00ebkur\u00ebs.<br \/>\nRekomandohet p\u00ebr l\u00ebkur\u00eb t\u00eb ndjeshme dhe t\u00eb irrituar.<\/p>\n<p>P\u00ebrdorimi: Apliko disa pika n\u00eb l\u00ebkur\u00eb t\u00eb past\u00ebr dhe masazhoje derisa t\u00eb absorbohet.<\/p>\n<p>Ingredien\u00ebt kryesor\u00eb: Aloe Vera 30%.<\/p>\n<table class=\"woocommerce-product-attributes shop_attributes\">\n<tbody>\n<tr class=\"woocommerce-product-attributes-item woocommerce-product-attributes-item--attribute_pa_size\">\n<th class=\"woocommerce-product-attributes-item__label\">Paketimi<\/th>\n<td class=\"woocommerce-product-attributes-item__value\">20mL<\/td>\n<\/tr>\n<tr class=\"woocommerce-product-attributes-item woocommerce-product-attributes-item--attribute_pa_llojet-e-lekures\">\n<th class=\"woocommerce-product-attributes-item__label\">Llojet e l\u00ebkur\u00ebs<\/th>\n<td class=\"woocommerce-product-attributes-item__value\">sensitive, t\u00eb gjitha llojet<\/td>\n<\/tr>\n<\/tbody>\n<\/table>","protected":false},"featured_media":3223,"comment_status":"open","ping_status":"closed","template":"","meta":[],"product_brand":[],"product_cat":[54],"product_tag":[],"class_list":{"0":"post-3219","1":"product","2":"type-product","3":"status-publish","4":"has-post-thumbnail","6":"product_cat-serumet","8":"first","9":"instock","10":"shipping-taxable","11":"purchasable","12":"product-type-simple"},"_links":{"self":[{"href":"https:\/\/perfectestetica.al\/en\/wp-json\/wp\/v2\/product\/3219","targetHints":{"allow":["GET"]}}],"collection":[{"href":"https:\/\/perfectestetica.al\/en\/wp-json\/wp\/v2\/product"}],"about":[{"href":"https:\/\/perfectestetica.al\/en\/wp-json\/wp\/v2\/types\/product"}],"replies":[{"embeddable":true,"href":"https:\/\/perfectestetica.al\/en\/wp-json\/wp\/v2\/comments?post=3219"}],"version-history":[{"count":1,"href":"https:\/\/perfectestetica.al\/en\/wp-json\/wp\/v2\/product\/3219\/revisions"}],"predecessor-version":[{"id":3227,"href":"https:\/\/perfectestetica.al\/en\/wp-json\/wp\/v2\/product\/3219\/revisions\/3227"}],"wp:featuredmedia":[{"embeddable":true,"href":"https:\/\/perfectestetica.al\/en\/wp-json\/wp\/v2\/media\/3223"}],"wp:attachment":[{"href":"https:\/\/perfectestetica.al\/en\/wp-json\/wp\/v2\/media?parent=3219"}],"wp:term":[{"taxonomy":"product_brand","embeddable":true,"href":"https:\/\/perfectestetica.al\/en\/wp-json\/wp\/v2\/product_brand?post=3219"},{"taxonomy":"product_cat","embeddable":true,"href":"https:\/\/perfectestetica.al\/en\/wp-json\/wp\/v2\/product_cat?post=3219"},{"taxonomy":"product_tag","embeddable":true,"href":"https:\/\/perfectestetica.al\/en\/wp-json\/wp\/v2\/product_tag?post=3219"}],"curies":[{"name":"wp","href":"https:\/\/api.w.org\/{rel}","templated":true}]}}

<p>Serum qetësues, hidratues për të gjitha llojet e lëkurës.</p>
<p>Veprimi: Ai hidraton dhe lehtëson irritimin e lëkurës dhe inflamacionet. Një serum me ekstrakt shumë të përqendruar të Aloe Vera me veprim qetësues dhe hidratues. Aloe është një koktej i shkëlqyer natyror që përmban vitamina C dhe E, enzima, aminoacide dhe mbi 200 substanca të tjera të dobishme. Ndihmon gjithashtu në rikonstruktimin qelizor dhe shërimin e dëmtimeve të lëkurës.<br />
Rekomandohet për lëkurë të ndjeshme dhe të irrituar.</p>
<p>Përdorimi: Apliko disa pika në lëkurë të pastër dhe masazhoje derisa të absorbohet.</p>
<p>Ingredienët kryesorë: Aloe Vera 30%.</p>
<table class="woocommerce-product-attributes shop_attributes">
<tbody>
<tr class="woocommerce-product-attributes-item woocommerce-product-attributes-item--attribute_pa_size">
<th class="woocommerce-product-attributes-item__label">Paketimi</th>
<td class="woocommerce-product-attributes-item__value">20mL</td>
</tr>
<tr class="woocommerce-product-attributes-item woocommerce-product-attributes-item--attribute_pa_llojet-e-lekures">
<th class="woocommerce-product-attributes-item__label">Llojet e lëkurës</th>
<td class="woocommerce-product-attributes-item__value">sensitive, të gjitha llojet</td>
</tr>
</tbody>
</table>
