{"id":3176,"date":"2023-02-03T14:15:21","date_gmt":"2023-02-03T13:15:21","guid":{"rendered":"https:\/\/perfectestetica.al\/?post_type=product&#038;p=3176"},"modified":"2023-02-03T14:15:21","modified_gmt":"2023-02-03T13:15:21","slug":"color-control-cream-dark-sade","status":"publish","type":"product","link":"https:\/\/perfectestetica.al\/en\/product\/color-control-cream-dark-sade\/","title":{"rendered":"Color Control Cream \u2013 Dark Sade"},"content":{"rendered":"","protected":false},"excerpt":{"rendered":"<div class=\"et_pb_module et_pb_wc_title et_pb_wc_title_0_tb_body et_pb_bg_layout_light\">\n<div class=\"et_pb_module_inner\">\n<p>Krem fytyre me ngjyr\u00eb me efekt hidratues, p\u00ebr t\u00eb gjitha llojet e l\u00ebkur\u00ebs.<\/p>\n<p>Veprimi: Krem riparues p\u00ebr korrigjimin e ngjyr\u00ebs q\u00eb adaprohet me tonin e l\u00ebkur\u00ebs dhe ka efekte multiple: mbrotje antioksidative, mbrojtje nga dielli SPF10, reduktim t\u00eb inflamacionit dhe ndjesis\u00eb djeg\u00ebse, rritje e nivelit t\u00eb lag\u00ebshtis\u00eb dhe reduktim t\u00eb rrudhave. Rezulton n\u00eb nj\u00eb shk\u00eblqim t\u00eb sh\u00ebndetsh\u00ebm dhe fytyr\u00eb m\u00eb rinore. Vjen n\u00eb dy ngjyra, me nj\u00eb konsistenc\u00eb oil-free, hapet thjehst\u00eb dhe absorbohet leht\u00eb nga l\u00ebkura.<\/p>\n<p>P\u00ebrdorimi: Aplikoni nj\u00eb sasi t\u00eb vog\u00ebl n\u00eb t\u00ebr\u00eb fytyr\u00ebn 1 deri n\u00eb 2 her\u00eb n\u00eb dit\u00eb, n\u00eb funksion t\u00eb fondatin\u00ebs.<\/p>\n<p>Ingredient\u00ebt kryesor\u00eb: Acidi Hyaluronic MMW, Pollushield, Matrixyl 3000, Vitamina Pp-Niacinamide, Filtra UV, Aloe Vera, Panthenol, Allantoin.<\/p>\n<table class=\"woocommerce-product-attributes shop_attributes\">\n<tbody>\n<tr class=\"woocommerce-product-attributes-item woocommerce-product-attributes-item--attribute_pa_size\">\n<th class=\"woocommerce-product-attributes-item__label\">Paketimi<\/th>\n<td class=\"woocommerce-product-attributes-item__value\">50mL<\/td>\n<\/tr>\n<tr class=\"woocommerce-product-attributes-item woocommerce-product-attributes-item--attribute_pa_llojet-e-lekures\">\n<th class=\"woocommerce-product-attributes-item__label\">Llojet e l\u00ebkur\u00ebs<\/th>\n<td class=\"woocommerce-product-attributes-item__value\">t\u00eb gjitha llojet<\/td>\n<\/tr>\n<\/tbody>\n<\/table>\n<\/div>\n<\/div>\n<div class=\"et_pb_module et_pb_wc_price et_pb_wc_price_0_tb_body  et_pb_text_align_left\">\n<div class=\"et_pb_module_inner\"><\/div>\n<\/div>","protected":false},"featured_media":3177,"comment_status":"open","ping_status":"closed","template":"","meta":[],"product_brand":[],"product_cat":[52],"product_tag":[],"class_list":{"0":"post-3176","1":"product","2":"type-product","3":"status-publish","4":"has-post-thumbnail","6":"product_cat-kremrat","8":"first","9":"instock","10":"virtual","11":"purchasable","12":"product-type-simple"},"_links":{"self":[{"href":"https:\/\/perfectestetica.al\/en\/wp-json\/wp\/v2\/product\/3176","targetHints":{"allow":["GET"]}}],"collection":[{"href":"https:\/\/perfectestetica.al\/en\/wp-json\/wp\/v2\/product"}],"about":[{"href":"https:\/\/perfectestetica.al\/en\/wp-json\/wp\/v2\/types\/product"}],"replies":[{"embeddable":true,"href":"https:\/\/perfectestetica.al\/en\/wp-json\/wp\/v2\/comments?post=3176"}],"version-history":[{"count":1,"href":"https:\/\/perfectestetica.al\/en\/wp-json\/wp\/v2\/product\/3176\/revisions"}],"predecessor-version":[{"id":3178,"href":"https:\/\/perfectestetica.al\/en\/wp-json\/wp\/v2\/product\/3176\/revisions\/3178"}],"wp:featuredmedia":[{"embeddable":true,"href":"https:\/\/perfectestetica.al\/en\/wp-json\/wp\/v2\/media\/3177"}],"wp:attachment":[{"href":"https:\/\/perfectestetica.al\/en\/wp-json\/wp\/v2\/media?parent=3176"}],"wp:term":[{"taxonomy":"product_brand","embeddable":true,"href":"https:\/\/perfectestetica.al\/en\/wp-json\/wp\/v2\/product_brand?post=3176"},{"taxonomy":"product_cat","embeddable":true,"href":"https:\/\/perfectestetica.al\/en\/wp-json\/wp\/v2\/product_cat?post=3176"},{"taxonomy":"product_tag","embeddable":true,"href":"https:\/\/perfectestetica.al\/en\/wp-json\/wp\/v2\/product_tag?post=3176"}],"curies":[{"name":"wp","href":"https:\/\/api.w.org\/{rel}","templated":true}]}}

<div class="et_pb_module et_pb_wc_title et_pb_wc_title_0_tb_body et_pb_bg_layout_light">
<div class="et_pb_module_inner">
<p>Krem fytyre me ngjyrë me efekt hidratues, për të gjitha llojet e lëkurës.</p>
<p>Veprimi: Krem riparues për korrigjimin e ngjyrës që adaprohet me tonin e lëkurës dhe ka efekte multiple: mbrotje antioksidative, mbrojtje nga dielli SPF10, reduktim të inflamacionit dhe ndjesisë djegëse, rritje e nivelit të lagështisë dhe reduktim të rrudhave. Rezulton në një shkëlqim të shëndetshëm dhe fytyrë më rinore. Vjen në dy ngjyra, me një konsistencë oil-free, hapet thjehstë dhe absorbohet lehtë nga lëkura.</p>
<p>Përdorimi: Aplikoni një sasi të vogël në tërë fytyrën 1 deri në 2 herë në ditë, në funksion të fondatinës.</p>
<p>Ingredientët kryesorë: Acidi Hyaluronic MMW, Pollushield, Matrixyl 3000, Vitamina Pp-Niacinamide, Filtra UV, Aloe Vera, Panthenol, Allantoin.</p>
<table class="woocommerce-product-attributes shop_attributes">
<tbody>
<tr class="woocommerce-product-attributes-item woocommerce-product-attributes-item--attribute_pa_size">
<th class="woocommerce-product-attributes-item__label">Paketimi</th>
<td class="woocommerce-product-attributes-item__value">50mL</td>
</tr>
<tr class="woocommerce-product-attributes-item woocommerce-product-attributes-item--attribute_pa_llojet-e-lekures">
<th class="woocommerce-product-attributes-item__label">Llojet e lëkurës</th>
<td class="woocommerce-product-attributes-item__value">të gjitha llojet</td>
</tr>
</tbody>
</table>
</div>
</div>
<div class="et_pb_module et_pb_wc_price et_pb_wc_price_0_tb_body  et_pb_text_align_left">
<div class="et_pb_module_inner"></div>
</div>
